 + 1/12*d**4 + 0 + 0*d**3 + 1/2*d**2. Let t(f) = -f + 1. Let p be t(0). Determine x(p).
2
Let r be 4/(-10) + (-24)/(-10). Suppose 8 = -5*f - r. Let y(i) = 4*i - 2. Determine y(f).
-10
Let u be 2 + (2 - 5)/(-3). Suppose 2*x = 4*x - 2*w - 2, u*x - 5*w + 5 = 0. Let j(i) = -x - i + 5 + 4. Determine j(-3).
7
Let h = 9 - 7. Let b(x) = -2*x**h + x**3 - 2*x**3 + x - 3*x - 4 - 3*x**2. Give b(-5).
6
Suppose -4*j - j + 10 = 0. Let b(q) = 0 + 0*q - j + q. Let m be b(4). Let k(v) = 3*v - 1. What is k(m)?
5
Let u(x) = -x**2 - x - 2. Let d(k) be the third derivative of -k**5/60 - k**4/6 + k**3/2 + k**2. Let g be (-2)/(2/5 - 0). Let w be d(g). Calculate u(w).
-4
Let w(q) = -5 + 3 + 7*q**2 + 87*q**3 - 6*q - 88*q**3. Determine w(6).
-2
Let q(a) = 3*a**2 + 3*a - 3. Let d(f) = -2*f - 12. Let t be d(-7). Determine q(t).
15
Let a(q) = q + 1. Let y(w) = -w - 1. Let c be y(4). Let n(z) = -z - 5. Let j be n(c). Give a(j).
1
Let m(a) = -2*a**2 + 5*a**2 - 5*a + a**3 + 0*a**2 + 1 + 0*a**3. Calculate m(-4).
5
Suppose d - 6 = -5*h - 1, 2*d + 3*h = 3. Suppose -2*x + x - 3 = d. Let i be 3/(x + 6) + -1. Let v(u) = u - 4. Calculate v(i).
-4
Let k(y) = -y - 1. Let g(r) = 2*r + 2. Let b(i) = g(i) + k(i). Determine b(5).
6
Let n(t) = -t + 15. Let h be n(11). Let x(q) = q**2 + 1. Let o(b) = -b**2 - 2*b - 4. Let m(v) = h*x(v) + o(v). Let d = -1 - -3. What is m(d)?
8
Let g(j) = -8 + 0 - j + 0*j. Let c = 130 - 136. Give g(c).
-2
Let z(k) = -k**2 - 4*k - 1. Let p be z(-3). Suppose 0*d + p*o = 3*d - 17, 0 = -d + 4*o + 9. Suppose -20 = 3*v - d. Let j(n) = -n**2 - 7*n - 4. Give j(v).
6
Let d(a) = 5*a**2 + 13*a + 9. Let i(z) = -6*z**2 - 14*z - 9. Let t(j) = 5*d(j) + 4*i(j). What is t(-7)?
-5
Let u(f) be the second derivative of -f**4/12 + 2*f**3/3 - f**2 - 24*f + 2. Give u(5).
-7
Let y(t) = 2*t**3 + 7*t**2 - 21 - 3*t**3 - 6*t + 15. Give y(5).
14
Let c(l) = 8*l - 1. Suppose -28*h + 26*h + 2 = 0. Determine c(h).
7
Let w(p) = p - 4. Suppose -3*s = 3*g - g - 13, -g - 4 = 0. Calculate w(s).
3
Let p(w) = -96*w + 2*w**3 + 92*w - w**3 - 4 + 4*w**2. Determine p(-5).
-9
Suppose 3*f - 6 + 0 = 0. Let m(r) = -2*r + 2. Let v(l) = -3*l + 2. Let d(z) = f*m(z) - 3*v(z). Calculate d(2).
8
Suppose -h - 5*h = -174. Let n(o) = -h + 23 - o - o. Suppose 2*y = 2*j - 2, y - 3*j = 9 - 4. What is n(y)?
2
Let y = -1 + 7. Let s be y*1*(-18)/(-27). Let r(l) = -2*l + l**2 - 3 + 0*l - 2*l. Give r(s).
-3
Let o(t) = 8*t + 10. Let z(p) = 17*p + 21. Let b(r) = -5*o(r) + 2*z(r). Let s(v) = v + 1. Let n(i) = -b(i) - 5*s(i). Give n(-5).
-2
Let p(c) be the third derivative of -c**5/60 - c**4/6 + c**3 + 5*c**2. Give p(-6).
-6
Let i(n) be the third derivative of n**6/120 + n**5/10 + n**4/24 - n**3/3 + 19*n**2. Give i(-6).
-8
Let u be 9*(-1 + 1/3). Let y be (2/u*0)/(-1). Let m(h) = -4*h + 3. Let d(r) = -r + 1. Let l(i) = 9*d(i) - 2*m(i). Determine l(y).
3
Let p(w) = w - 5. Suppose -5*r = -43 + 3. Determine p(r).
3
Let l(n) be the third derivative of n**6/120 + n**5/120 - 5*n**4/24 - 4*n**2. Let g(h) be the second derivative of l(h). What is g(-1)?
-5
Suppose 5*g + 44 = -2*b, 7 = 2*b + g + 35. Let i be (16/(b/(-3)))/(-2). Let z(r) = -2*r + 1. Give z(i).
5
Suppose 0*o + 42 = -7*o. Let a(l) = l + 4. Give a(o).
-2
Let r(w) = -5*w + 25. Suppose -5*l = -0*l - 125. Let y(m) = -1. Let q(p) = l*y(p) + r(p). Give q(1).
-5
Let j(b) = -b**3 - 2*b**2 + 23*b - 1. Let z be j(-6). Let v(c) = -c**2 + 6*c + 5. Give v(z).
10
Let q(z) = -249 + 16*z + 249. Give q(-2).
-32
Suppose 42 = 5*w + u, -2*u = 5*w - 51 + 7. Suppose 5*s = w*s. Let v(c) = c**2 - c + 8. Give v(s).
8
Let r(i) = i**3 + 4*i**2 + 4*i + 2. Let u be r(-3). Let b be u/2 - 9/6. Let c(n) = n - 1. Give c(b).
-3
Let v(t) = -11*t**2 - 7*t + 1. Suppose -2*y - y = -3*j + 21, 0 = -j + 2*y + 6. Let n(h) = -4*h**2 - 2*h. Let c(w) = j*n(w) - 3*v(w). Calculate c(-5).
-3
Suppose 0 = 3*x - 24 + 9. Let g = 2 - 0. Let c = g - x. Let d(v) = v**3 + 2*v**2 - 4*v + 1. Give d(c).
4
Let z(u) = -2*u - 6. Suppose 0 = 2*y + s, -16 = 3*s - 4. Suppose 29 = -2*n - n + l, 3*l = -y*n - 23. Let p = 4 + n. Give z(p).
6
Suppose -5*h + 24 = -4*z - h, 3*z - 17 = -4*h. Let j(s) = -3*s - 2. Let q(n) = 20*n + 6. Let k(m) = -3*j(m) - q(m). Calculate k(z).
11
Let w = 15 + -13. Let m(b) = 5*b - 1. Determine m(w).
9
Let p(h) = -5*h + 17. Let b(g) = g - 4. Let t(a) = 9*b(a) + 2*p(a). Suppose 3*d + x - 35 = -3*x, -3*x = 3*d - 30. Calculate t(d).
-7
Let s = 8 - 19. Let v = s - -12. Let p(w) = -6*w**2 + w. Give p(v).
-5
Let v(z) = z**2 + 2 + z - 3 + 4. Calculate v(0).
3
Suppose 4 = -f - 2. Let t(v) = -v**3 - 6*v**2 - 2*v - 8. Calculate t(f).
4
Let h be 44/14 - (-9)/(-63). Let d(l) = l**3 - 2*l**2 - l - 1. What is d(h)?
5
Let k(m) = -m - 2. Suppose 3*b - 21 = 3*c, -4*b + 1 - 13 = 4*c. Let z be -4 + c - 3*-1. What is k(z)?
4
Let p(w) be the third derivative of -1/30*w**5 + 0*w + 1/120*w**6 + 1/3*w**3 + 3*w**2 - 1/8*w**4 + 0. Determine p(3).
2
Let r(o) = 7*o**2 + 2*o + 5. Let t(y) = -y**2 - 1. Let n(i) = r(i) + 4*t(i). Let b be -3*((-20)/5)/(-12). Give n(b).
2
Let d(m) = 3*m + 4*m**3 + 1 + m**3 - 4*m**3 - 4*m**2. What is d(3)?
1
Let j(w) = 3 + 0 - 4*w**2 - 2 - 2. Determine j(-1).
-5
Let j(x) be the second derivative of 3*x - 5*x**2 + 0 + 1/6*x**3. What is j(6)?
-4
Let g = -19 + 17. Let x(b) = -3*b**2 - 2*b. What is x(g)?
-8
Let v(w) = -6*w - 1. Let k(j) = -5*j + 1. Let s be k(-2). Suppose -r = -5, -5*m - r + 4 + s = 0. Suppose -o - 1 = -m. What is v(o)?
-7
Suppose 35 = a + 4*a. Suppose 0*o - a = -o. Let x(g) = 6 - 2*g + 7 - o. Calculate x(4).
-2
Let a(y) = -3 + 3*y + 0*y**3 + 2*y**3 + y**2 - 7*y. Let p(j) = j - 9. Suppose 2*r = r + 7. Let v be p(r). What is a(v)?
-7
Suppose -27 = -3*p - 5*d, -2*p + 6*p - d = 13. Let o(v) = 4*v**3 + 3*v**2 - v. Let a(f) = -3*f**3 - 2*f**2 + f. Let w(s) = p*o(s) + 5*a(s). Calculate w(-2).
-2
Let x(i) = 6. Let h(c) = c - 6. Let v = 1 - 3. Let f(a) = v*h(a) - 3*x(a). Give f(-6).
6
Let j(g) = g - 2. Let b(i) = -i + 2. Let x(o) = -6*b(o) - 5*j(o). Calculate x(-4).
-6
Let r(y) be the second derivative of y**4/12 - 3*y**2/2 + 16*y. Calculate r(-3).
6
Let c(m) = 3*m + 1. Suppose 3 + 7 = -5*h. Let n(l) = -48*l - 15. Let g(v) = h*n(v) - 33*c(v). What is g(-3)?
6
Let f(j) = -j - 1. Suppose -15 = 3*r - 3*k - k, 0 = -3*k. Let x be (-2 + 2)/(4/2). Let i = r + x. Calculate f(i).
4
Suppose p = 2*r + 1, 0 = r + r - 4*p + 16. Suppose -3*v - u = u - 3, -2*u = -3*v + 3. Let b(k) = v + k**r + k**2 - 2 - k. Determine b(-1).
2
Let n(r) = -r**3 + 7*r**2 - 10*r + 9. Suppose 10*v = 5*v + 30. What is n(v)?
-15
Let p(f) be the first derivative of f**2 - 6*f + 3. Let i(v) = -v + 1. Let a(t) = i(t) - p(t). Calculate a(5).
-8
Let s = 11 - 5. Let i be 22/(-6) + s/9. Let v be -9*(14/(-6) - i). Let t(n) = -n**3 - 5*n**2 + 8*n + 7. Calculate t(v).
-5
Let u be (4 - 2)*2/4. Let j(n) be the first derivative of 3*n**4/2 + n**3/3 - 3*n**2 + 5*n + 2. Let v(s) = s**3 - s + 1. Let q(x) = j(x) - 5*v(x). Give q(u).
1
Let l be (-1)/(-1*1/3). Let b(x) = 7*x + 14. Let i(t) = -7*t - 15. Let d(v) = l*b(v) + 2*i(v). Let m(s) = 8*s + 13. Let p(r) = 7*d(r) - 6*m(r). What is p(-5)?
1
Let u = 3 - 0. Let w(s) = -s**2 + 8*s - 4. Let y be w(7). Let p(l) = -3*l**y + u*l**2 - l + 4*l**3 + 3 + 0*l**3. Give p(-3).
6
Suppose 5*m - 27 = -v, -2*m + 6 = -v - v. Let n(z) = -v + 2 + 0 - z - 1. Calculate n(-3).
2
Let m = 26 + -17. Let d be m/(-1)*7/21. Let s(u) = u + 1. Give s(d).
-2
Let u(p) = -p**2 + 2*p - 2. Let c = -18 - -33. Suppose 5*d + 6*k - 4*k = c, 4*k = 0. Determine u(d).
-5
Let u = -7 - -10. Let t(q) be the first derivative of -2*q + 1 - 1/4*q**4 + 4/3*q**u + 1/2*q**2. Calculate t(4).
2
Let j(a) = a + 2. Let i(x) = x**3 - 7*x**2 - 9*x + 6. Suppose 0*d - 8 = -g + 3*d, 5*d - 8 = -g. Let m be i(g). Let t be m/(-4) - (-3)/(-2). Give j(t).
1
Let n be (-1)/3 - (-159)/(-9). Let r be n/(-5) + 8/20. Let f = 5 - r. Let t(o) = 4*o**3 + 2*o - 1. What is t(f)?
5
Let x(r) = r**2 + 6*r + 5. Suppose -4*l + 25 = -15. Let t = 4 - l. What is x(t)?
5
Let q be (-2)/9 - 312/54. Let k = q - -4. Let z = 4 + k. Let h(m) = 2*m + 2. Calculate h(z).
6
Let r(o) = 5*o - 1. Let i(p) = p**2 + 5*p + 3. Suppose 10 = -5*h + 5*s - 3*s, -15 = 3*s. Let w be i(h). What is r(w)?
-6
Let f(n) = -n**3 + 6*n**2 - n - 1. Suppose 2*p - 4*p + 12 = 0. Give f(p).
-7
Let c(r) = -4*r**2 + 5*r + 4. Let k(